highest common factor of 19 and a?
19
Suppose -504 - 636 = -10*q. What is the greatest common factor of q and 38?
38
Let l be (30/4)/(5/170). What is the greatest common divisor of 102 and l?
51
Suppose 5*q - 89 = 11. Calculate the highest common divisor of 40 and q.
20
Let t(i) = 16*i - 3. Let w be t(3). Suppose -3*a = 2*a - w. What is the highest common factor of a and 63?
9
Let n = 36 - 22. Let j = 23 - n. Suppose a + 3 + 6 = 5*l, -l = -2*a - j. Calculate the highest common factor of l and 1.
1
Let a(d) = 9*d**2 - 3*d + 2. Let q be a(-3). Let g = 422 + -399. What is the highest common factor of q and g?
23
Let w be (3/(-6))/((-3)/(-30)). Let y(j) = -j. Let u be y(w). What is the highest common factor of 5 and u?
5
Suppose 5*y = 5*d - 70, 2*d + 0*y - 3*y = 23. What is the highest common factor of 247 and d?
19
Let j(s) = -7*s + 3. Let a be j(-3). What is the highest common factor of a and 264?
24
Let s(w) = w**3 + 6*w**2 - 2*w - 3. Let v be s(-3). Suppose 2*n + 16 = o, -3*o = -4*o - n + 7. What is the highest common divisor of o and v?
10
Let c be 39 + ((-32)/2)/4. What is the highest common divisor of c and 5?
5
Let v(h) = 2*h + 47. Let f be v(-17). What is the greatest common divisor of 156 and f?
13
Let w(a) = a**2 + 6. Let h be w(-4). What is the highest common factor of 33 and h?
11
Suppose 5*j = 3*j + 8. Suppose z = 3 + j. Calculate the highest common divisor of 35 and z.
7
Suppose 2*i = 5 + 3. Suppose -3*v - 33 = -i*v. What is the highest common divisor of 11 and v?
11
Suppose -x = 3*x. Suppose x = 3*b - 2*b - d - 90, -2*d = -5*b + 444. Calculate the highest common factor of 8 and b.
8
Suppose -39 = -5*v + 2*v. Suppose -4*h - 776 = -h + 2*s, -2*h + 5*s - 492 = 0. Let m = -139 - h. Calculate the greatest common factor of v and m.
13
Let d = 46 + -16. Let v = 411 - 244. Suppose 3*f - v = 58. Calculate the greatest common divisor of d and f.
15
Let y be (-6)/((-2)/(-42)*-1). Suppose 0 = -40*c + 47*c - 126. What is the highest common divisor of y and c?
18
Let w(y) = 2*y**2 - 3*y - 8. Let x(a) = 3*a**2 - 4*a - 12. Let b(z) = 7*w(z) - 5*x(z). Let t be b(0). Calculate the greatest common divisor of t and 12.
4
Let z = 2 + 3. Suppose 0 = -2*s + z + 1. Suppose 6*q - 2*q - 4 = 0. What is the greatest common factor of q and s?
1
Let v(f) = -4*f + 4. Let l be v(-4). Let i(x) = x**3 - 3*x**2 - x + 3. Let y be i(3). Suppose y = -2*c - c + 60. Calculate the highest common factor of l and c.
20
Let x(c) = 2*c + 2. Let j be x(2). Let h(w) = 4*w - 9. Let y be h(j). What is the highest common factor of y and 15?
15
Let l = 77 - 49. What is the highest common factor of 21 and l?
7
Let n(u) = -u**2 + 6*u + 27. Let k be n(6). Calculate the greatest common divisor of 9 and k.
9
Let k(j) = -j**3 + 13*j**2 + 15*j + 12. Let u be k(12). Calculate the highest common factor of 48 and u.
48
Suppose g = 2*g - 3*s - 51, 4*s - 16 = -g. Let d be 1/(2/38) + -1. What is the greatest common divisor of g and d?
18
Suppose -4 = -4*g - 0. Let p = 98 + g. What is the greatest common factor of 9 and p?
9
Let o = 10 + 18. What is the highest common divisor of 4 and o?
4
Suppose 2*l - 5*k + 3*k = 42, l - 39 = -5*k. Let d(s) = 3*s - 12. Let n be d(8). Calculate the highest common factor of l and n.
12
Suppose 0 = -i - 0*i + 3. Suppose i*d - 4 = -d. Calculate the greatest common divisor of 2 and d.
1
Suppose u = -2*l - 124, 598 = -5*u - 3*l + 4*l. Let j be (u/(-9))/((-1)/(-6)). Calculate the highest common divisor of 32 and j.
16
Let g be -2 - (-3 - -3)/4. Let n(i) = -17*i - 1. Let o be n(g). Let a(f) = -f**3 + 4*f**2 + 3. Let u be a(4). What is the highest common factor of o and u?
3
Let x be (220/(-33))/(1/(-33)). Calculate the highest common factor of 20 and x.
20
Let d be 0 + -1 + (-2 - -4). Let t = d + -1. Suppose t = o + 4 - 14. Calculate the highest common divisor of o and 5.
5
Suppose 47 - 326 = -3*d. What is the greatest common factor of d and 62?
31
Let a be ((3 - 2) + 1)/1. Suppose 0 = -5*m + 2*m + a*i + 27, -m = 3*i - 20. Calculate the greatest common factor of m and 44.
11
Suppose -f + 13 - 3 = 0. Suppose 170 + 160 = 3*b. Calculate the highest common divisor of b and f.
10
Let n be (-3)/18 - (-74)/12. Suppose -3*s - 45 = -z - z, -z = -5*s - 5. Calculate the highest common divisor of z and n.
6
Suppose d = 2 + 2. Suppose -4 = -2*j - 0. Suppose 0 = -3*v - j*t + 7, v - 2 = -3*v + t. Calculate the greatest common factor of d and v.
1
Suppose -3*q - 4*u + 54 = 0, 5*q - 51 - 16 = u. What is the highest common divisor of 7 and q?
7
Suppose 0 = 2*z + 6 - 20. Let o = 12 + 38. Let d = o + -8. What is the highest common factor of d and z?
7
Let s = 22 + -16. Suppose 3*m + 13 = 5*z, 0 = z - 4*m - s - 0. What is the highest common factor of z and 18?
2
Suppose 0 = w + 5*u - 7 - 16, -3*w = -u - 5. Let l(p) = 3*p + 6. Let r be l(5). Calculate the highest common factor of r and w.
3
Suppose -4*y = -12, 0*w + w = 3*y + 31. Suppose -39 = -2*l - 7. Let f = 84 + l. What is the greatest common factor of f and w?
20
Suppose 24 = -m + 5*m. Calculate the greatest common divisor of 48 and m.
6
Let d be (-8)/12 - (-40)/6. Let q = d - 4. Suppose -3*f + 39 = -t - 14, -3*t = -q*f + 47. What is the highest common divisor of f and 8?
8
Let w(l) be the first derivative of l**3/3 - 2*l**2 - 8*l - 1. Let p be w(7). Calculate the greatest common divisor of 117 and p.
13
Let p(o) = -30*o**3 - 2*o - 2. Let x be p(-1). What is the highest common divisor of 75 and x?
15
Let m be 3/(-4) - 1740/(-16). Calculate the greatest common divisor of m and 18.
18
Suppose 5*q + 2*j = 480, 16 = -2*q + 3*j + 208. Calculate the highest common factor of 12 and q.
12
Let r(y) = y**3 + 13. Let p be r(0). Let w(u) = 37*u**2 - 4*u + 3. Let t be w(2). What is the greatest common factor of t and p?
13
Suppose 3*r = 0, 3*r - 4*r - 28 = -4*h. What is the greatest common divisor of h and 77?
7
Let a be -8*-5*2/2. Suppose -m = 4*m - a. Calculate the highest common divisor of m and 8.
8
Let c be (9/4)/((-8)/32). Let a = c + 16. Calculate the highest common divisor of a and 14.
7
Let o(b) = -2*b**2 - b - 2. Let k be o(-2). Let j = -4 - k. Let l be j/(0 + (-3 - -5)). What is the highest common factor of l and 2?
2
Let f be (-1 + 3 + -1)*19. Suppose 5*o - f - 1 = 0. What is the greatest common divisor of o and 10?
2
Let y(g) = g**3 + 13*g**2 - 17*g - 7. Let q be y(-14). What is the highest common divisor of q and 7?
7
Let f = -39 - -81. Suppose -l + 4*i - 3 = 13, -4*l - f = -5*i. Let b = 21 + l. What is the highest common divisor of b and 13?
13
Let d(l) = l**3 + 6*l**2 + 2*l - 2. Let p be d(-4). Let v be 38 - 80/64*2*2. Calculate the greatest common divisor of v and p.
11
Let t = 229 - 159. Calculate the greatest common divisor of 10 and t.
10
Suppose 4*r + 9 = 33. Calculate the highest common factor of r and 4.
2
Suppose -50 = -3*p + 4*j, -5*p + 2*j + j + 76 = 0. Suppose -3*s - 365 = -2*n - 63, 774 = 5*n + 2*s. What is the greatest common factor of n and p?
14
Let y(n) be the first derivative of n**3/3 + n**2/2 + 90*n - 1. Let r be y(0). What is the highest common divisor of r and 18?
18
Let d be ((-6)/(-21))/((-2)/(-14)). Suppose 3*g + 3 - 6 = 3*p, 0 = -3*p - d*g + 7. What is the greatest common factor of p and 5?
1
Let f(b) = b**3 + 7*b**2 + 4*b - 4. Let q be f(-6). Suppose j = -c + 16, 2*c - c = -4*j + 76. Calculate the greatest common factor of q and j.
4
Suppose -2*i + 26 = -6. Suppose s = 3*c - 2*c + i, 0 = -s + 4*c + 7. What is the greatest common factor of 19 and s?
19
Suppose 4*v - 50 - 54 = 0. What is the highest common factor of v and 169?
13
Let h(a) = -31*a**3 + a**2 + a + 1. Let t be h(-1). Suppose 3*z + t = 176. Suppose 0 = 3*l - 5*l + z. Calculate the highest common divisor of 36 and l.
12
Suppose 5 = m + 1. Suppose -m*f - 36 = -7*f. What is the highest common divisor of f and 108?
12
Let a be 3*1 - (-2 - 0). Suppose 0 = -a*n - 0*n - 25. Let f be (-4)/(n/(50/4)). What is the highest common divisor of 10 and f?
10
Suppose -105 = 5*c - 20*c. What is the highest common divisor of c and 70?
7
Let q(o) = 132*o + 1. Let h be q(1). Calculate the greatest common factor of h and 19.
19
Let d = -419 + 1723. Suppose -w = -5*w + d. Suppose -3*f = h - 98, 3*h + f + 0*f = w. Calculate the greatest common divisor of 10 and h.